nder when 931 is divided by x?
4
What is the remainder when (-26)/(-65) - (0 + (-206)/10) is divided by 0 + 1 + -1 + 6?
3
Let t be 2 - 2 - (-12 + 7). Let b be 14 + 4*(-3)/(-6). Suppose -z + b - t = c, 13 = z - c. Calculate the remainder when 34 is divided by z.
10
Suppose -v - 34 - 48 = -4*k, 102 = 5*k - v. What is the remainder when 918 is divided by k?
18
Let f be 2 - 1 - -6 - (-1 - -2). Calculate the remainder when 154 is divided by (62/(-3))/((-4)/f).
30
What is the remainder when (-280)/(-6) - 2/(-6) is divided by 11 + -4 + (-5 + -1)*-1?
8
Suppose 0 = -5*h - 4*z + 86, -5*z + 111 - 21 = 5*h. Let f = h + -2. Suppose 0 = 3*u - 39 - f. Calculate the remainder when u is divided by 6.
5
Let j be 1*-3 - (4 - 6). Let r(o) = 16*o**2 + 3*o + 2. Let x be r(j). Suppose 2*m - 17 = x. What is the remainder when m is divided by 10?
6
Suppose -5*l - 25 = -d, -3*d + 19 + 4 = -2*l. Calculate the remainder when 122/14 + l/(-14) is divided by 3.
0
Let v(h) be the first derivative of h**4/4 + 19*h**3/3 + 17*h**2/2 - 9*h + 19. What is the remainder when v(-18) is divided by (-2)/(-3) + 7/3?
0
Suppose 3*b = 9, -b - 9 = 2*t - 2*b. Let x = 7 - t. Let g(n) = -n**2 + 12*n - 13. What is the remainder when 48 is divided by g(x)?
6
Let p(k) = k**2 - 20*k - 14. What is the remainder when 713 is divided by p(23)?
53
Let q = 71 + -16. Suppose -3*v - 28 = -4*x, -7 = -3*v - 4*x - 3. What is the remainder when q is divided by ((-76)/6)/(v/6)?
17
Let g(s) = s**3 + 8*s**2 + 4*s + 1. What is the remainder when 239 is divided by g(-4)?
43
Suppose 2*v = 5*v - 21. Let n(c) = c**3 - 6*c**2 - 4*c + 9. Calculate the remainder when n(v) is divided by 16.
14
Suppose 4*r = 2*r + 86. Suppose -2*i = 19*i - 3591. What is the remainder when i is divided by r?
42
Let o = 889 - 853. What is the remainder when o is divided by 30?
6
Let c(f) = -f**3 - f**2 + 2. Let a be c(-3). Suppose -b - a = -6*b. Suppose -5*n - 39 = -2*r - 2, -b*r + n = -29. What is the remainder when 11 is divided by r?
5
Let z(t) = -2*t - 2. Let s be z(-2). Suppose -9*j + 76 = -5*j + s*h, -96 = -5*j - 3*h. What is the remainder when 50 is divided by j?
14
Let h = 4 - 6. Let g be h/6 + (-266)/(-6). Suppose -4*b + g = -2*b. What is the remainder when 65 is divided by b?
21
Suppose 12*v - 4094 - 814 = 0. What is the remainder when v is divided by 10?
9
Suppose -c + 58 = 5*l, 5*l + 30 = 3*c - 84. Calculate the remainder when c is divided by 11.
10
Let i = -35 + 125. Calculate the remainder when i is divided by 18.
0
Let g(v) = -v**2 + 35*v + 17. Suppose s - 33 = 2*a + 58, -4*s = 3*a - 320. Calculate the remainder when s is divided by g(35).
15
Suppose 4*o + 139 = r, -5*o = r - 5*r + 182. Let y = 72 + o. Let s(z) = 3*z - 16. What is the remainder when y is divided by s(12)?
18
Let g be (-7 - -7) + 2/(-1) + 42. Let b = g + -10. What is the remainder when b is divided by 11?
8
Let u(s) = s**3 - 5*s**2 - 4. Let l be u(5). Suppose 0 = -4*z - 2*i + 224, -8 = -3*z + i + 160. What is the remainder when z is divided by (1/(-2))/(l/232)?
27
Let q = 243 - 98. What is the remainder when q is divided by 30?
25
Let s be -7*12/(-42) + 0 + -2. Suppose 2*o = -7*i + 4*i + 18, o + 2*i - 8 = s. What is the remainder when 239 is divided by o?
11
Suppose -2*m + 350 = -4*u, -18*m + 3*u = -17*m - 174. What is the remainder when m is divided by 15?
12
Suppose 931 + 2107 = 49*g. What is the remainder when 204 is divided by g?
18
Suppose 0 = -2*p - 0 + 6. Let u = -1 + p. Suppose f = -u*f + 9. What is the remainder when 9 is divided by f?
0
Let t(c) = -136*c**3 + c + 2. What is the remainder when t(-1) is divided by 55?
27
Let u(s) = -s**3 + 10*s**2 + 11*s + 10. Let k be 3/9 - 96/(-9). Let f be u(k). Let d = f - 5. Calculate the remainder when d is divided by 4.
1
Let w = -21 - -24. Let c(g) = 12*g + 4. Calculate the remainder when c(w) is divided by 14.
12
Suppose -20 = -4*y - 4*j, 3*j + 2*j + 10 = 0. Suppose -r - p = -18, -2*p + y = -r + 2*p. Let i = r - -24. Calculate the remainder when i is divided by 13.
11
Suppose -3*h - 6*l + 33 = -3*l, h - 14 = -2*l. Suppose 0 = h*d - 11*d + 48. Let x = d + -11. What is the remainder when x is divided by 3?
2
Let v = -68 + 115. Let f = v - -28. What is the remainder when f is divided by 19?
18
Suppose 112 = -5*m + 3*a - 15, -4*a + 16 = 0. Let b be ((-35)/(-3))/((-9)/27). Let i = m - b. What is the remainder when 34 is divided by i?
10
Let a(o) = -o**2 + 1. Let b(u) = -u**3 - 3*u**2 - 3*u + 12. Let j(i) = -5*a(i) - b(i). What is the remainder when j(-6) is divided by 13?
11
Let k = 14 + 13. Let r(h) = -6*h**2 - 4*h - 4. Let z be r(-3). Let y = 7 - z. Calculate the remainder when y is divided by k.
26
Let x = -5 + 9. Let a(b) = 2*b - 5. Let q be a(5). Suppose 21 + 15 = 4*v - 4*s, 0 = -q*v - 5*s + 25. What is the remainder when v is divided by x?
3
Let r = -404 - -500. What is the remainder when r is divided by 9?
6
Calculate the remainder when 345 is divided by 21 - (-6)/(-24)*-4*1.
15
Let d be (-1986)/15 + 4/10. Let x = 242 + d. Suppose -x - 56 = -2*l. Calculate the remainder when l is divided by 21.
20
Let r be (-14 - -17) + -1 + 1. Suppose 0 = -2*v + r*m + 167, v - 111 = -0*v - 4*m. Calculate the remainder when v is divided by 48.
43
Let s(w) = -13*w - 3. Suppose 0*r - 5*r - 15 = 0. Let g(c) = -2*c**2 - 33*c - 39. What is the remainder when g(-12) is divided by s(r)?
33
Let b = -944 - -967. Calculate the remainder when 147 is divided by b.
9
Suppose 0 = -2*p + 174 + 2. Let n = p + -62. Calculate the remainder when n is divided by 14.
12
Suppose -245 = -49*s + 42*s. Calculate the remainder when 138 is divided by s.
33
What is the remainder when 153 is divided by -5 + 46 + (7 - (-21)/(-7))?
18
Suppose -6877 = -33*o + 8864. Calculate the remainder when o is divided by 30.
27
Suppose 4*n - 53 = 5*o, -o + 19 - 8 = n. Let a(v) be the first derivative of -v**3/3 - 13*v**2/2 - 29*v + 18. What is the remainder when n is divided by a(-9)?
5
Let h(n) = 4*n + 19. Let i be h(-5). Let t(p) = -8*p**2. Let a be t(i). What is the remainder when 38 is divided by a/40 + (-102)/(-10)?
8
Let w be 384/(-9)*(-30)/20. Let k = w + -37. What is the remainder when k is divided by 3?
0
Let l(m) = 32*m**3 - 2*m**2 - 3*m + 4. Let t = -5 - -7. Suppose -t*g - g + 41 = 2*a, -4*a - 20 = 0. Calculate the remainder when l(1) is divided by g.
14
Let s(v) = -4*v. Let k be s(-1). Let a = 21 - 6. Calculate the remainder when (-140)/(-40)*k*3 is divided by a.
12
Let x = 580 + -540. Calculate the remainder when 277 is divided by x.
37
Let x = 84 - 88. What is the remainder when -2*x/(-16)*0 - -67 is divided by 34?
33
Suppose 3*n + 3*c - 150 = 0, 5*n - 5*c + 18 = 268. What is the remainder when n is divided by 2/(-8) - (-159)/12?
11
Let t = 143 + 87. Calculate the remainder when t is divided by 13.
9
Suppose -5*a + 446 = 4*b, 14*b = 5*a + 9*b - 410. Calculate the remainder when a is divided by 5.
1
Suppose -r = r. Suppose r = -2*a + 57 - 11. Suppose 3*o = -15*c + 16*c + 41, -4*o - 2*c + 48 = 0. Calculate the remainder when a is divided by o.
10
Let s(p) = p**2 - 20*p - 17. Let o be s(21). Suppose 3*q + 2*q + 46 = 2*w, -o*w + 120 = 4*q. Calculate the remainder when w is divided by 9.
1
Let o(a) = -a**3 + 2*a**2 + 3*a. Let b be o(3). Suppose b*r + 28 = r. Calculate the remainder when r is divided by 8.
4
Let f(j) be the second derivative of j**5/20 - 5*j**4/12 - j**3 + j**2/2 - 4*j. Let r = 89 + -86. Calculate the remainder when r is divided by f(6).
0
Calculate the remainder when 153 is divided by -1*1*3*(-3534)/342.
29
Let m(y) = 21*y**2 + 2 + 28*y**2 - y - 42*y**2. Suppose 3*j = 12 - 3. What is the remainder when m(j) is divided by 16?
14
Suppose m - 8 = -5*n + 9*n, 4*n = 0. Calculate the remainder when 87 is divided by m.
7
Calculate the remainder when 23 is divided by (18/(-5))/(52/(-130)).
5
Let h(z) = 2*z**3 + z**2 - 7*z - 7. Let d be h(-2). Suppose -2*s - s = -27. Calculate the remainder when s is divided by d/(-4)*3/(15/20).
4
Suppose -11*v = 1408 - 8866. Calculate the remainder when v is divided by 68.
66
Let g(a) = -a**3 + 9*a**2 - 8*a + 3. Let p be g(6). Let b = p + -47. Calculate the remainder when b is divided by 6.
4
Let d = -5360 - -5376. Let k(g) = -48*g - 1. What is the remainder when k(-1) is divided by d?
15
Suppose j = -4, 0 = -4